divisor of x and a?
16
Suppose 2*u - 7*u = 9175. Let t = -1187 - u. What is the greatest common divisor of 24 and t?
24
Suppose 514 + 344 = 2*r. Let g = r - 301. Suppose -8*z - g = -16*z. What is the greatest common factor of 2 and z?
2
Let m = 472 - 506. Let d(h) = -h**2 - 36*h - 20. Let k be d(m). Let t(w) = -w**3 - 3*w - 4. Let g be t(-3). Calculate the greatest common divisor of k and g.
16
Suppose -8*k = -7*k + 66. Let r = 80 + k. Suppose -71 = -4*c + 3*t, 4*c + 2*t + r = 5*c. What is the highest common divisor of c and 60?
20
Let h = -1526 - -1614. Let y = -42 - -74. Calculate the highest common factor of y and h.
8
Suppose -3*z - 3*q - 53 = -4*z, 5*q = 25. Let j = 73 - z. Let k = 130 - 55. Calculate the highest common divisor of j and k.
5
Let v(w) = w + 9. Let m be v(-8). Let u(x) = x + 5. Let f be u(3). Calculate the highest common divisor of m and f.
1
Let x(o) be the first derivative of o**2 + 8*o - 28. Let m be x(-2). Suppose -m*j + 39 - 7 = 0. What is the greatest common factor of 72 and j?
8
Let y(p) be the third derivative of p**6/120 + p**5/30 - 3*p**4/8 + 4*p**3/3 + 5*p**2. Let n be y(-4). Calculate the highest common divisor of n and 204.
12
Let d = -3349 - -3553. What is the highest common divisor of d and 357?
51
Let f = -2276 - -2285. Let a be 0/2*(-2)/(-4). Suppose a = f*v - 6*v - 90. Calculate the highest common divisor of v and 15.
15
Let v = -7750 - -8230. What is the highest common divisor of 270 and v?
30
Let q be -4*((-6)/4 - -1). Let n = 273 - 266. Suppose 16*t = n*t + 72. What is the highest common factor of t and q?
2
Suppose -h - 4*s + 310 = -858, 0 = 4*s + 32. What is the greatest common factor of 2925 and h?
75
Let f be 23/(782/357)*6/1. Suppose 3*u - 8*u = r - 521, -4*r - 16 = 0. What is the highest common factor of u and f?
21
Let i(g) = 151*g**2 + 306*g - 52. Let b be i(-5). What is the greatest common factor of b and 645?
129
Let d = 6559 + -6503. Let a be 1 - (1 + -1) - -11. Suppose -8*z = -a*z + d. Calculate the greatest common factor of z and 84.
14
Let q(v) = v**2 + 14*v + 25. Let o be q(-12). Let c be ((-10)/(-15))/(6/1629) - o. Calculate the highest common divisor of 70 and c.
10
Suppose -5*f + 812 = -703. Suppose 103 = -2*t + f. Suppose -75 - 2275 = -94*n. Calculate the highest common factor of t and n.
25
Let w(k) = k**2 + 14*k - 15. Let y be w(-16). Suppose 292 = 7*o - 184. What is the greatest common divisor of y and o?
17
Suppose 0 = 5*w + 2*j - 290, -j = 3*w - 2*j - 174. Let y(k) = 225*k + 1154. Let i be y(-5). Calculate the greatest common divisor of w and i.
29
Let v be ((-176)/9*3)/(2/6)*-1. Calculate the highest common divisor of 736 and v.
16
Let h be 30 + (-1)/8*-40. What is the highest common divisor of h and 4795?
35
Let t be (42/(-84))/((-1)/82) + 10. Calculate the highest common factor of 1887 and t.
51
Suppose -4*s - 4*m = -180, 4*s - 50*m = -53*m + 180. What is the greatest common factor of 39 and s?
3
Let x = 38 + -41. Let j(g) = g**3 + 5*g**2 + 4*g - 1. Let n be j(x). Let m be n - (4/(-2) - (-6)/(-6)). What is the highest common divisor of 8 and m?
8
Let z = 9153 - 9096. What is the highest common factor of z and 361?
19
Let l = 1978 - 644. What is the highest common divisor of l and 368?
46
Let n = 104269 + -104236. Let l(v) = -395*v**3 + 2*v**2 + 2*v + 1. Let c be l(-1). What is the greatest common divisor of n and c?
33
Let h = 9317 + -9292. Calculate the highest common factor of 12725 and h.
25
Let x(g) = -14*g + 86. Let p be x(-8). Let d(s) = s**3 - 3*s**2 + 4*s - 2. Let c be d(4). Let b be (36/15)/(4/c). What is the greatest common factor of b and p?
18
Let j = 186 - 182. Suppose -7*k + 11*k = j*i + 20, k - 5*i = -3. What is the highest common factor of k and 42?
7
Let w = 4495 - 4470. What is the highest common divisor of 16 and w?
1
Let g(u) = u**3 - 15*u**2 - 14*u - 42. Let p be g(16). Let r = 234 + p. What is the greatest common divisor of 64 and r?
32
Suppose 2590 = 2*r + r + 4*b, -4*r - 2*b + 3470 = 0. Let a = -649 + r. What is the highest common factor of 13 and a?
13
Let x = -48 - -54. Let o = x + 15. Calculate the greatest common divisor of o and 28.
7
Suppose n + 0*t = 3*t - 10, -4*n - 5*t = -28. Suppose -m + 3*v = n*m - 72, -3*m + 5*v = -78. What is the highest common divisor of m and 63?
21
Suppose 0 = 3*f - 3*s, -f - 2*s + 12 = f. Suppose -6*y - 3*c + 624 = -y, f*y = -c + 376. Calculate the highest common factor of y and 6.
6
Let z = 470 + -451. Let b be (1*35)/((-2)/(-2)). Let x be b/(-20)*1*-76. What is the highest common divisor of z and x?
19
Let h = 71 + -113. Let r be h*(2 + -2*(-4)/(-8)). Let j = -31 - r. What is the greatest common divisor of 88 and j?
11
Let g(x) = -x**3 + 11*x**2 - 12*x + 5. Let u be g(9). Let p be -2 + -2 - (-6 + (-59 - 2)). Let l = p - u. What is the highest common divisor of l and 4?
4
Suppose -7 = -k - 0*k. Let f = -183408 + 183420. What is the greatest common factor of f and k?
1
Let x be -2 - -31 - 2*1. Let f = 290 + -190. Suppose 10*i - y = 15*i - 88, 0 = 5*i - 5*y - f. What is the highest common divisor of i and x?
9
Let x = 190 - 50. Let c(y) = 2*y**3 + 6*y**2 - y + 11. Let q be c(-5). Let z be (2/3)/(500/q - -6). Calculate the greatest common divisor of x and z.
14
Let y(b) = 4*b**2 + 7*b + 77. Let j be y(-7). Suppose t + j = 17*t. Calculate the highest common divisor of t and 49.
7
Suppose -1186 = -6*a - 190. Suppose -8*i + a = 54. Let y be 7/(20/(-8) - -3). What is the highest common factor of i and y?
14
Let f be 1934/34 - 2 - 8/(-68). Calculate the greatest common factor of f and 396.
11
Let h = 60 + 288. What is the highest common divisor of h and 60?
12
Let z(d) = -67*d - 1605. Let s be z(-24). Calculate the greatest common divisor of 1353 and s.
3
Let i = -5422 + 5472. Calculate the highest common factor of 5475 and i.
25
Let c(p) = -p**3 + 12*p**2 + 39*p + 42. Let v be c(-13). Calculate the greatest common divisor of 80 and v.
80
Let g = 22645 - 22173. Calculate the highest common divisor of 1593 and g.
59
Suppose -12653 = -5*h + 16802. Calculate the highest common factor of h and 43.
43
Let n be (-15)/120 - 1734/(-18)*(-3)/(-8). Calculate the highest common divisor of n and 228.
12
Let u(l) = 10*l**3 + l**2 - l + 1. Let h be u(1). Let a = 21 - h. Let x = 315171 + -315081. What is the highest common divisor of a and x?
10
Suppose -t + 20 = -2*m + 6, 2*t - 2*m = 20. Suppose 3*s = -s + 336. Suppose -2*f + s = -0*f. Calculate the greatest common divisor of f and t.
6
Suppose -2216 = -104*l + 6287 - 2263. Suppose 26 = t - 4*x + 2, -3*t + 5*x + 65 = 0. Calculate the greatest common divisor of t and l.
20
Suppose 5*n + 4*n - 189 = 0. Suppose 75 + n = 3*y. Calculate the greatest common factor of 288 and y.
32
Let y = -97 + 590. Suppose 4*l + 3*k - 54 = 2, -4*k = 16. Calculate the highest common factor of l and y.
17
Suppose -5*z - f + 414 = -426, -f = -5*z + 840. Let d be (-482)/(-10) - (78/(-10) + 8). Calculate the greatest common factor of z and d.
24
Let x = 581 + -545. Suppose -104 = 10*o - x*o. Calculate the highest common divisor of o and 11.
1
Suppose 3*s + s = j + 56708, 2*s - 28342 = -j. Calculate the greatest common factor of 225 and s.
225
Let d be 2*7/((-126)/(-81)) - -39. Calculate the greatest common factor of 450 and d.
6
Let f(c) = -3*c + 32. Let s = -189 + 185. Let k be f(s). What is the highest common factor of 44 and k?
44
Let q be 82/(2/14 - 96/84). Let k = q - -84. Suppose n + 4*h = 4 + 2, -3*n = -5*h - 1. What is the highest common divisor of n and k?
2
Let n be ((-25)/15 - -3)/(16/108). Let r be (204/n)/(9/27). Calculate the highest common divisor of 51 and r.
17
Let f be 8/6*(-18)/4. Let l(b) = -2*b + 5. Let q be l(f). Suppose 2*o + 42 - 48 = 0, -4*x = o - 479. Calculate the highest common factor of q and x.
17
Suppose 2*m = -25*d + 28*d - 1348, 8 = -4*m. What is the greatest common factor of 1472 and d?
64
Let u be ((-6)/(-5))/((-373)/(-1736315)). What is the greatest common factor of 42 and u?
42
Let j = 3474 + 2154. What is the highest common divisor of j and 21?
21
Let r be 63/(-2) + 32/(-64). Let q be 10/(-20) + (-18)/4 - r. Calculate the greatest common factor of 243 and q.
27
Suppose -4*s = 2*z - 76, -3*s - 177 = 4*z - 9*z. Let x = 242 + 46. What is the greatest common factor of z and x?
3